actors of j?
2, 3, 47
Let h be (-15)/5*28/6. Let c = 16 + h. What are the prime factors of 31 + (c - 1/1)?
2
Let v(q) = 11*q**2 + 68*q + 15. What are the prime factors of v(-11)?
2, 13, 23
Let u = -94 - -98. Suppose -2*j = 3*c + 11, -j = 2*c + 7 + 1. Suppose z - 10 = j*r, 4*z + 0*z + 4*r - u = 0. List the prime factors of z.
2
Suppose -8*u + 13503 = 13*u. List the prime factors of u.
643
Let x = -1456 + 2752. What are the prime factors of x?
2, 3
Let m(u) = 36*u**2 - 5*u - 15. List the prime factors of m(-6).
3, 19, 23
Suppose 0 = -12*d + 7*d. Suppose 0 = -x - 4*q + 51, 4*x + 5*q + d*q - 248 = 0. Let g = x - 18. List the prime factors of g.
7
Let d be 6/9 - 2/3. Let m = -26 - -31. Suppose d*y = -m*y + 85. What are the prime factors of y?
17
Let k = 843 + -110. What are the prime factors of k?
733
Suppose -6622 = -84*s + 62*s. What are the prime factors of s?
7, 43
Suppose -2*h + 140 = 3*h - 5*j, -2*j - 6 = 0. Suppose -4*m = m + h. Let p(a) = 2*a**3 + 13*a**2 + 6*a + 4. What are the prime factors of p(m)?
7
Suppose -5*q + 590 = d, -5*d + 4*q = 7*q - 2950. List the prime factors of d.
2, 5, 59
Let o(n) = -2*n**2 + 68*n - 118. List the prime factors of o(28).
2, 109
Suppose -35*k + 36713 - 5073 = 0. What are the prime factors of k?
2, 113
Let c(h) = 9*h - 8. Let a(d) = d - 1. Suppose 9 + 7 = 2*i. Let u be a(i). List the prime factors of c(u).
5, 11
Suppose 4*t - 3739 = -883. Suppose -t = -11*r + 4*r. List the prime factors of r.
2, 3, 17
Suppose -2*y = -2*w + 72, -2*w - 3*y + 97 = -0*y. Suppose t - 17 = 5*l, 5*t = 4*l + 2 + w. List the prime factors of (-52)/t*21/(-6).
2, 13
Let g(y) = -8*y**2 + 2*y - 3. Let x(l) = -l**2 - l. Let v(n) = -g(n) - 6*x(n). What are the prime factors of v(-3)?
3, 13
Let n(p) = -13*p - 7. Let q be n(-3). Suppose q*k - 38*k = -732. List the prime factors of k.
2, 61
Let i(a) = a**3 + 80*a**2 - 30*a + 363. List the prime factors of i(-80).
3, 307
Suppose 17127 = 13*c - 4414. List the prime factors of c.
1657
Let q = -59 - -97. Let s = 80 - q. What are the prime factors of s?
2, 3, 7
Suppose -3*p - 1544 = -4*t + 1540, -2*t = p - 1552. List the prime factors of t.
2, 3, 43
Suppose 3*a + 9 = 3*i + 8*a, 2*i = -5*a + 6. Suppose -i*l = -4*g - 0*g - 296, 2*g + 198 = 2*l. List the prime factors of l.
2, 5
Let b = 10226 + -5011. What are the prime factors of b?
5, 7, 149
Let x(s) = -2*s + 14. Let i be x(6). Suppose i*w = 7*w + 255. Let j = 84 + w. List the prime factors of j.
3, 11
Let k be (-28)/(-6) - (-6)/(-9). Let s(t) = t**3 + 8*t**2 + 5*t - 8. Let w be s(-7). List the prime factors of 3*w - (2 - k).
2, 5
Suppose 8 = i - 33. Let c = i + 7. What are the prime factors of c?
2, 3
Suppose 2*z + 0*z = 4*x - 336, -z = 4*x + 180. Let c = z + 333. What are the prime factors of c?
7, 23
Let f be 4/(-5)*(-390)/4. Suppose 4*w + f = 846. Suppose -w = -5*o - 7. List the prime factors of o.
37
Let f(k) = k. Let a be f(-5). Let y(i) = -i**2 - 7*i - 6. Let n be y(a). Suppose 5*j = n*j + 11. List the prime factors of j.
11
Let s = -99 - -338. Suppose 340 = 5*f - 2*v, -3*v = 4*f + 2*v - s. What are the prime factors of f?
2, 3, 11
Let z be 2*4 - 6/(-3). Suppose z = -4*b - 6. What are the prime factors of 14/b*16/(-28)?
2
Suppose 4*r + 23*l - 4300 = 19*l, -r + 2*l = -1066. List the prime factors of r.
2, 67
Let c(h) = 2*h**2 - 9*h + 14. Let s be (-1)/1*(6 - -13). Let z = s - -25. List the prime factors of c(z).
2
Let w = 2255 + -2184. What are the prime factors of w?
71
List the prime factors of 2121/15 + ((-18)/15)/3.
3, 47
Let a = -16 + 16. Suppose -c + 3*x + 49 = a, 3*c - x - x = 112. List the prime factors of c.
2, 17
Suppose -35 = -2*c + 25. Let z = 61 - c. List the prime factors of z.
31
Let g(m) = 5*m + 53. Suppose 0 = 4*a + 2*j - 13 + 45, -4*j - 37 = 5*a. Let n(u) = -u - 13. Let s(l) = a*n(l) - 2*g(l). List the prime factors of s(-6).
17
Suppose -2 = o - 5*l, 5*o - 17 + 0 = -2*l. Suppose -54 + 0 = o*r. What are the prime factors of (-3)/2*48/r?
2
Suppose h + 6 + 4 = 0. Let p = 1 + h. List the prime factors of (-38)/(-4)*(-7 - p).
19
Suppose l - 11 = 3*f, f = -l - l + 8. Let a be f/3 + (-4)/(-6). Suppose k + 4*k - n - 347 = a, k + 2*n - 65 = 0. What are the prime factors of k?
3, 23
Suppose 3*j - 120 = -6. What are the prime factors of j?
2, 19
Let i = 17 + -34. Let r = i + 34. List the prime factors of r.
17
Let g(p) = p**2 - 9*p - 17. Suppose -6*x = x - 21. Suppose h + x*c = 24, -8 = -h + c - 0*c. List the prime factors of g(h).
19
Suppose 35 = 3*c + 2*c. Let b = -5 + c. Suppose v = b*v - 9. List the prime factors of v.
3
Let s(y) = y**3 + 20*y**2 - 50*y - 136. What are the prime factors of s(-17)?
3, 17, 31
Let m = -65 + 304. List the prime factors of m.
239
Let f = -64 - -67. Suppose f*k + 2*s - 443 = -175, 0 = 5*k - 3*s - 415. What are the prime factors of k?
2, 43
Suppose -18*b + 15*b = -15. Suppose -b*h + 150 = -325. List the prime factors of h.
5, 19
Suppose 0 = -9*d + 3828 + 1311. List the prime factors of d.
571
List the prime factors of (1 + 5/(-3))/(72/(-168048)).
2, 389
Let c = -1017 - -1770. List the prime factors of c.
3, 251
Suppose -6*r + 866 - 110 = 0. What are the prime factors of r?
2, 3, 7
Suppose 4*c = 2*c - 5*n + 29, -2*n = -5*c. Suppose -5*a = 63 + c. What are the prime factors of 3 + -2*(a - 0)?
29
Suppose -227 = -s + 4*c, -2*s + 5*c + 448 = -0*s. What are the prime factors of s?
3, 73
Let q(k) = k**2 - 12*k - 8. Let f be q(12). Let u = 10 + f. Suppose -u*t + 0*t + 40 = 0. What are the prime factors of t?
2, 5
List the prime factors of 4 + 4*318/40*30.
2, 479
Suppose 5*k + 10 = -30. What are the prime factors of 2/k - (-3897)/36?
2, 3
Let w = 23 + -20. Suppose w*b - 25 = -k, 3*k - 6*k - 4*b = -85. List the prime factors of k.
31
Let u = -5 + 9. Suppose f - 2 = -0*f + u*y, -32 = 5*f + y. List the prime factors of ((-2)/f)/(19/2907).
3, 17
Let r(d) = d**3 - 2*d**2 + 167. Let p be r(0). Let q = p + -98. What are the prime factors of q?
3, 23
Let o(l) be the first derivative of l**3/3 - 3*l**2 - 6*l - 1. Let m = -296 - -305. List the prime factors of o(m).
3, 7
Suppose -4*a + 780 - 180 = 0. Suppose 4*d - 3*k = a, -4*d + 74 = -k - 72. List the prime factors of d.
2, 3
Let h = 39 + -33. Let t(p) = 2 + p**2 - 12 + 1 + 2*p. List the prime factors of t(h).
3, 13
Let h = -189 + 778. What are the prime factors of h?
19, 31
Suppose 8*o = 9*o - 410. Suppose -2*d = 8*d - o. List the prime factors of d.
41
What are the prime factors of (5 + 168/(-40))*(-5070)/(-4)?
2, 3, 13
Let t = -2247 + 2784. List the prime factors of t.
3, 179
Suppose -2*j - 3*a + 34 = -3705, j + 2*a = 1868. List the prime factors of j.
2, 937
Let i(j) = 72*j + 570. What are the prime factors of i(24)?
2, 3, 383
Let o = 8 - 10. Let g be -3 + 314 - (-1 - o). Suppose 5*z = 3*p + g, 226 = 4*z + 5*p - 3*p. List the prime factors of z.
59
Let b(w) = 2*w**3 + 11*w**2 - 17*w + 165. List the prime factors of b(8).
7, 251
Suppose 0 = -11*o + 6802 - 2127. List the prime factors of o.
5, 17
Suppose -a + 5 = 0, 18*a - 13040 = -3*u + 14*a. List the prime factors of u.
2, 5, 7, 31
Let z = 56 + 84. List the prime factors of z.
2, 5, 7
Let c(i) = -8*i - 48. Let q(h) = 3*h + 16. Let n(j) = -4*c(j) - 11*q(j). List the prime factors of n(-5).
3, 7
Let c be -3 - -5 - (2 - 0 - -4). What are the prime factors of -3 + c/1*(-477)/12?
2, 3, 13
Let u be (-2)/((-6)/9) - (-3 + 2). Suppose -m + 75 = s, -3*s + 377 = 2*s + u*m. What are the prime factors of s?
7, 11
Let w(o) = -5*o**2 + 19*o + 10. Let c(s) = 11*s**2 - 39*s - 19. Let x(q) = 6*c(q) + 13*w(q). What are the prime factors of x(-13)?
2
Let p(w) = w**3 - 9*w**2 - 4*w + 7. Let n(i) = 4*i**3 - 35*i**2 - 17*i + 27. Let v(u) = 2*n(u) - 9*p(u). Let b be v(8). List the prime factors of b/6 + (-3)/18.
3, 11
Let w(h) = 5*h**2 + h + 8. Let v be w(5). Suppose f = 4*f - v. List the prime factors of f.
2, 23
Suppose -12 = 3*t - 81. Suppose -5*l + 3 = t. List the prime factors of 3/l + 690/24.
2, 7
Suppose c - 2*p - 349 = 0, 10*c - 1050 = 7*c + 3*p. What are the prime factors of c?
3, 13
Let f be 24 - 2/4*0. Let x = 52 - f. What are the prime factors of x?
2, 7
Let q be 32 - 1/((-4)/16). Let g = q + -13. Let m = 38 - g. List the prime factors of m.
3, 5
Let s = -28 + 19. Let p(z) = 2*z**2 + 11*z - 11. List the prime factors of p(s).
2